pose -4*b = -y*s + 4*s - 5196, b - 1310 = 4*s. Is b prime?
False
Let k(h) = -7*h - 5. Let w be k(7). Let x = w - -434. Let g = x + -93. Is g composite?
True
Let m = 27 + 197. Let a = -75 + m. Is a prime?
True
Let u(w) = 4*w**2 + 6*w + 4. Let d be u(-6). Let q = d + 139. Is q prime?
True
Let n = -716 - -4173. Is n prime?
True
Let i = 10961 - 6324. Is i composite?
False
Is (151 + -166)/(3/(-2011)) composite?
True
Suppose 6 = -8*l + 11*l. Suppose -4*w + 9 + 17 = 3*f, -l*w - f + 12 = 0. Is (w/(-15))/((-2)/1410) a prime number?
False
Let r = -6 - -12. Let p(u) = 12*u**2 - 9*u + 1. Is p(r) a prime number?
True
Let u(h) = 17*h - 43 - 8*h + 7*h + 10. Is u(10) a prime number?
True
Let t = 267 - 46. Is t a prime number?
False
Suppose 5*k - 3*o - 65450 = 0, -20*o + 21*o + 26181 = 2*k. Is k a prime number?
True
Suppose 3*l - 4*u - 1 - 21 = 0, -2*l = -3*u - 16. Is 1689 - l*(-5)/(5/2) a prime number?
True
Let s(l) = 3*l**3 - 2*l**3 - 3*l + 3 - l - 6*l**2 - 2*l**3. Is s(-8) a prime number?
True
Let v(f) = 15*f**2 + 23*f - 7. Is v(27) prime?
True
Let c(u) = 317*u - 28. Let o(a) = -211*a + 19. Let t(g) = -5*c(g) - 7*o(g). Let s(h) = h + 6. Let v be s(-9). Is t(v) a prime number?
True
Suppose 21398 = 3*f + 557. Is f prime?
True
Let j be (0 + 2/(-1))/((-5)/(-10)). Is 131 + (19 + -3)/j composite?
False
Let j(u) = 1867*u**2 - 5*u + 4. Let o be j(2). Let h(r) = r**2 + 6*r - 5. Let a be h(-7). Is (a/(-4))/((-7)/o) a prime number?
False
Suppose 10 = 5*a, -19*a = -5*y - 17*a + 595061. Is y a prime number?
False
Suppose 5*p = 2*q - q - 349, q - p = 345. Let r = 101 + q. Is r prime?
False
Suppose 5*q - 12055 = 5*r, -7*q - 4*r + 4822 = -5*q. Is q composite?
False
Suppose -16 + 4 = 2*m. Is 34*19 - (m - -5) composite?
False
Let y = 12 + -7. Is (3 + 1114/1)*5/y composite?
False
Is 55/(-5) - -5 - (4 + -1553) a prime number?
True
Let h(d) be the third derivative of d**6/120 + 4*d**5/15 - d**4/4 - 13*d**3/6 + 22*d**2. Is h(-16) prime?
True
Let o = -54821 - -92848. Is o prime?
False
Suppose -5755 - 36386 = -3*q. Is q prime?
False
Suppose 63*l - 61*l - 39134 = 0. Is l prime?
False
Let o(z) = z**3 + 3*z**2 - 6*z - 8. Let w be o(6). Let m = w - 83. Let a = m + 98. Is a a prime number?
False
Suppose -4*t + 9 = -19. Suppose 0 = -3*n + t*n - c - 14, 0 = 3*c + 6. Suppose -2*p + 380 = 2*q, 2*p + 2*p + n*q - 761 = 0. Is p a prime number?
True
Suppose 2*h = 11 - 3. Suppose -2*o - 4 = 0, -16 = 2*x - 4*x - h*o. Suppose 2*f - 158 = x. Is f a prime number?
False
Let k(n) = 4*n - 11 - 30*n - 24*n**2 + 27*n**2. Is k(-14) composite?
False
Suppose 0 = -3*t - 5*b + 647, -3*b - 557 - 58 = -3*t. Suppose 5*r = -15, 2*p - p = 2*r + t. Is p a prime number?
False
Suppose 3*h - 15 + 0 = -4*t, -5*h + 4*t = -25. Let r be (-12)/(-10)*(-60)/(-9). Suppose r = 4*b, -h*n - 3*b - 324 = -895. Is n composite?
False
Suppose 0 = 2*o - 5996 - 11386. Is o composite?
True
Let g be (8 - (6 - 2)) + 53. Let r be 152/(-6)*30/20. Let s = g + r. Is s a prime number?
True
Suppose o - 1852 = -492. Let z = o + -747. Is z composite?
False
Suppose -7402 = -2*o + 6*g - 10*g, 3716 = o + 5*g. Is o composite?
False
Let l be 4/((-16)/14628) - 6/2. Let r = -1601 - l. Is r prime?
False
Let r(u) = 5989*u**2 + 98*u + 377. Is r(-4) composite?
True
Let s be (-3)/(9/(-1704)) - -2. Suppose 6*t + s = 1866. Suppose 847 = n + t. Is n a composite number?
False
Suppose 0 = 2*f + 3*c - 18, 4*f - 4*c = c - 8. Is 3/f + 1936 + 0 composite?
True
Is (3/9)/((-3)/38601)*-1 prime?
True
Let r = 7 + -5. Suppose r*k + 15 = 5*k - z, 3*z = -2*k + 10. Suppose 2*x - k*c - 149 = -0*x, -3*c = x - 58. Is x prime?
True
Let g(s) = -3*s + 6. Suppose 0 = -q - 2*q + 15. Suppose -4 = b + q. Is g(b) composite?
True
Let g(p) be the first derivative of p**4/4 - 5*p**3/3 - 3*p**2 + 6*p - 8. Is g(6) prime?
False
Let k(s) = 4*s**2 - 2*s - 1. Let p(y) = 3*y - 10. Let w(x) = -4*x + 10. Let z(d) = -3*p(d) - 2*w(d). Let a be z(8). Is k(a) composite?
False
Let c be ((-3)/(-2))/(-3)*2 - -3. Suppose 356 = r + 3*l, -c*l + 1376 + 78 = 4*r. Is r a composite number?
True
Let a = 12196 - 4824. Suppose 3*o - 7373 = -4*b, -3*b = 3*o + 2*b - a. Is o prime?
True
Suppose 9*g + 22 = -95. Let i = 188 - g. Is i a prime number?
False
Let s(v) = 14 - 10 - 17*v - 4 + 21. Let g be s(-10). Suppose -6*f + 2035 = -g. Is f composite?
True
Suppose 2*y + 0 - 30 = 0. Let f = y + -19. Is 149/7 - f/(-14) a composite number?
True
Let r = 4590 - -3673. Is r prime?
True
Let f be (-2)/3 - (-88)/24. Suppose -3*d + c + 4*c + 374 = 0, -5*c = f*d - 424. Is d composite?
True
Suppose -20555 = 282*s - 287*s. Is s prime?
True
Let p(v) = -5*v**2 + 16*v - 8. Let y be p(6). Let f = 699 - y. Is f composite?
True
Is 23289*((-8)/4 - 14/(-6)) prime?
False
Suppose 25 = -5*m + 45. Is (7816/4)/(m + -2) a prime number?
True
Let h be -203 + (-6)/(-9)*3. Let p = 491 + h. Let b = -133 + p. Is b a composite number?
False
Let i = 92 - 2. Suppose i = 3*l - 45. Suppose -5*s + l = -50. Is s a composite number?
False
Suppose -2319 = 4*n - 3*z, -z = -4*n - 2641 + 324. Let m = -261 - n. Suppose -b = -m + 67. Is b a prime number?
True
Let x(y) = 12*y - 6. Let w be x(1). Suppose 9*f - 1905 = w*f. Is f composite?
True
Let v(g) be the first derivative of g**3/3 + 4*g**2 + 2*g + 4. Is v(-14) composite?
True
Let k(w) be the second derivative of w**6/90 + w**5/20 - w**4/6 + 5*w. Let d(m) be the third derivative of k(m). Is d(5) a prime number?
False
Is (-1750)/(-8) - (-24)/96 a prime number?
False
Let g(q) = -14*q - 6. Let f be g(0). Is (-21351)/f - (12/8 - 0) a composite number?
False
Suppose 0 = -3*v - x + 3*x + 785, 0 = 5*x + 20. Suppose b + 4*o = 48, -b - o = 4*b - v. Suppose 4*z = 184 + b. Is z a prime number?
True
Let z(n) = n**3 + 15*n**2 - 3*n + 37. Is z(15) prime?
False
Let z = -11373 - -19814. Is z a prime number?
False
Let f(a) = 3*a**3 - 10*a**2 + 20*a - 22. Is f(9) composite?
True
Let z be ((-5526)/15)/(8/(-20)). Let k = z + -607. Is (14 - 13)/(2/k) a composite number?
False
Let g be 1 + -1 - (-681 + 2). Suppose -5*a = -3*w + g, 5*w - a - 1123 = 3*a. Is w a prime number?
True
Is ((-8)/45 + 52/(-234))*-16015 prime?
False
Is -3*(-6 + 347464/(-24)) prime?
True
Suppose 0*q = q - 5*c - 19, q - 1 = -c. Suppose 2*s - 2076 = -3*t, q*t = -s + 1053 - 20. Is s prime?
False
Suppose -31229 = 2*z - 7*z + 2*a, -4*a + 31247 = 5*z. Is z a prime number?
True
Suppose -70*i = -68*i + 894. Let y = i + 634. Is y a prime number?
False
Let l(g) = 2*g**2 + g - 1. Let f be l(1). Let c = 6 - f. Is (2/5)/(c/790) a composite number?
False
Let t be (-1 + (2 - 1))/2. Suppose -j + 4*u = t, -5*j + 20 = -j + 4*u. Suppose j*n - n - 165 = 0. Is n a composite number?
True
Let l be (1 - -9 - (1 + -1))*67. Let k = l - -748. Is k a prime number?
False
Suppose c = 2*c - 2. Suppose c*l - 334 = -4*u + 204, 4*l = -5*u + 1067. Is l a prime number?
True
Let o(j) = 5*j - 50. Let m be o(10). Is (-1815)/(-1) - (1*-2 + m) a composite number?
True
Let x = 13787 - 754. Is x composite?
False
Let n = 7995 - 3084. Is n a prime number?
False
Let o(r) = r**3 + 8*r**2 + 9*r + 9. Let a be o(-7). Let t(n) = -n**3 - 3*n**2 + 3*n + 12. Is t(a) composite?
False
Let i be ((-12)/14)/(6/(-28)). Suppose 4*t = -d + 601, 4*d = i*t - 718 + 142. Is t composite?
False
Let l = -4305 + 12707. Is l a composite number?
True
Is 493267/309 - (-2)/3 prime?
True
Let a(s) = -9 + 13 - 5 + 7*s**3 - s**2. Is a(2) a composite number?
True
Let c = 740 - -21131. Is c composite?
False
Suppose 0*w - 4*w = -12. Let u(c) = 8 + 5*c + w*c + 1 + c**2. Is u(-14) composite?
True
Let s = -3 + 1. Is 4 + s + (372 - 1) a composite number?
False
Suppose -15*h - 135895 = -20*h. Is h a composite number?
False
Suppose -i - 33306 = -2*s - 3*i, 0 = 5*s - 3*i - 83257. Suppose 5*h = s + 3168. Suppose 8*a - 2412 = h. Is a a prime number?
True
Let j = -894 - -1493. Let w = j - 277. Suppose 0*b - 2*b + w = 0. Is b composite?
True
Let m(t) = -t**3 - 7*t**2 - 6*t + 5. Let z = -17 + 11. Let c be m(z). Let q = c + 1. Is q composite?
True
Let s be ((-25)/10 + 2)*-478. Suppose -h = -3*i - 62, -s = -4*h + 2*i + i. Is h composite?
False
Let p = 0 - -5. Suppose 49 = -p*u + 6*u. Is u a prime number?
False
Let p(c) = -18*c**2 + 4*c - 3. Let f be p(2). Suppose -5*l - 18 = 2. Is (f + 0)/(l/20) a composite number?
True
Let x(j) = -j**2 + 7*j - 5. Let d b